{"id":91,"date":"2018-04-14T17:38:51","date_gmt":"2018-04-14T16:38:51","guid":{"rendered":"http:\/\/pigonfazer.fr\/Wordpress\/?page_id=91"},"modified":"2025-08-20T14:44:39","modified_gmt":"2025-08-20T13:44:39","slug":"triathlon","status":"publish","type":"page","link":"https:\/\/pigonfazer.fr\/Wordpress\/triathlon\/","title":{"rendered":"Ma vie de Triathl\u00e8te"},"content":{"rendered":"\n<h2 class=\"wp-block-heading\"><\/h2>\n\n\n\n<div class=\"wp-block-getwid-section alignfull alignfull getwid-section-content-custom-width\"><div class=\"wp-block-getwid-section__wrapper getwid-padding-top-large getwid-padding-bottom-large getwid-padding-left-medium getwid-padding-right-medium\" style=\"min-height:70vh\"><div class=\"wp-block-getwid-section__inner-wrapper\" style=\"max-width:740px\"><div class=\"wp-block-getwid-section__background-holder\"><div class=\"wp-block-getwid-section__background has-background has-white-background-color\" style=\"background-image:url('https:\/\/pigonfazer.fr\/Wordpress\/wp-content\/uploads\/2025\/08\/PXL_20250606_103955757.MP_-scaled.jpg')\"><div class=\"wp-block-getwid-section__background-image-wrapper\"><img decoding=\"async\" class=\"wp-block-getwid-section__background-image\" src=\"https:\/\/pigonfazer.fr\/Wordpress\/wp-content\/uploads\/2025\/08\/PXL_20250606_103955757.MP_-scaled.jpg\" alt=\"\"\/><\/div><\/div><div class=\"wp-block-getwid-section__foreground\" style=\"opacity:0.7;background-color:#000000\"><\/div><\/div><div class=\"wp-block-getwid-section__content\"><div class=\"wp-block-getwid-section__inner-content\">\n<p class=\"has-text-align-center has-white-color has-text-color has-medium-font-size\">Voici la page d\u00e9di\u00e9e au Triathlon. Vous retrouverez ici mes plans d\u2019entra\u00eenements, un planning avec mes entra\u00eenements&nbsp;et mes courses ainsi que des histoires racont\u00e9es au fil de ceux-ci.<\/p>\n\n\n\n<p><\/p>\n\n\n\n<p class=\"has-white-color has-text-color has-link-color wp-elements-9e83f4662ee78d3807198b8a0f426658\">Retour dans les Alpes pour l&rsquo;AlpsMan Xtrem Triathlon<\/p>\n\n\n\n<figure class=\"wp-block-embed is-type-wp-embed is-provider-pigonfazer wp-block-embed-pigonfazer\"><div class=\"wp-block-embed__wrapper\">\n<blockquote class=\"wp-embedded-content\" data-secret=\"Y2AIuYlcxy\"><a href=\"https:\/\/pigonfazer.fr\/Wordpress\/lalpsman-une-occasion-manquee\/\">L&rsquo;AlpsMan &#8211; Une occasion manqu\u00e9e<\/a><\/blockquote><iframe loading=\"lazy\" class=\"wp-embedded-content\" sandbox=\"allow-scripts\" security=\"restricted\" style=\"position: absolute; visibility: hidden;\" title=\"\u00ab\u00a0L&rsquo;AlpsMan &#8211; Une occasion manqu\u00e9e\u00a0\u00bb &#8212; Pigonfazer\" src=\"https:\/\/pigonfazer.fr\/Wordpress\/lalpsman-une-occasion-manquee\/embed\/#?secret=fdUq6li0Ac#?secret=Y2AIuYlcxy\" data-secret=\"Y2AIuYlcxy\" width=\"600\" height=\"338\" frameborder=\"0\" marginwidth=\"0\" marginheight=\"0\" scrolling=\"no\"><\/iframe>\n<\/div><\/figure>\n\n\n\n<p class=\"has-white-color has-text-color has-link-color has-medium-font-size wp-elements-700c95acd15b2dee66a87b3cb8475c00\">Voici le compte-rendu du Bearman 2023. Bonne lecture<\/p>\n\n\n\n<figure class=\"wp-block-embed is-type-wp-embed is-provider-pigonfazer wp-block-embed-pigonfazer\"><div class=\"wp-block-embed__wrapper\">\n<blockquote class=\"wp-embedded-content\" data-secret=\"i933tRlxzr\"><a href=\"https:\/\/pigonfazer.fr\/Wordpress\/sans-regrets\/\">Sans regrets<\/a><\/blockquote><iframe loading=\"lazy\" class=\"wp-embedded-content\" sandbox=\"allow-scripts\" security=\"restricted\" style=\"position: absolute; visibility: hidden;\" title=\"\u00ab\u00a0Sans regrets\u00a0\u00bb &#8212; Pigonfazer\" src=\"https:\/\/pigonfazer.fr\/Wordpress\/sans-regrets\/embed\/#?secret=GbNpL2sIQb#?secret=i933tRlxzr\" data-secret=\"i933tRlxzr\" width=\"600\" height=\"338\" frameborder=\"0\" marginwidth=\"0\" marginheight=\"0\" scrolling=\"no\"><\/iframe>\n<\/div><\/figure>\n\n\n\n<p class=\"has-white-color has-text-color has-link-color has-medium-font-size wp-elements-b346703e8d1eea4e6cbdfb692f502470\">M-1 \u00e9tat des lieux&#8230;C&rsquo;est d\u00e9j\u00e0 maintenant ? \ud83d\ude28<\/p>\n\n\n\n<figure class=\"wp-block-embed is-type-wp-embed is-provider-pigonfazer wp-block-embed-pigonfazer\"><div class=\"wp-block-embed__wrapper\">\n<blockquote class=\"wp-embedded-content\" data-secret=\"6PYLzWrKzj\"><a href=\"https:\/\/pigonfazer.fr\/Wordpress\/bearman-on-y-retourne\/\">Bearman : On y retourne<\/a><\/blockquote><iframe loading=\"lazy\" class=\"wp-embedded-content\" sandbox=\"allow-scripts\" security=\"restricted\" style=\"position: absolute; visibility: hidden;\" title=\"\u00ab\u00a0Bearman : On y retourne\u00a0\u00bb &#8212; Pigonfazer\" src=\"https:\/\/pigonfazer.fr\/Wordpress\/bearman-on-y-retourne\/embed\/#?secret=LBDPhcpfw1#?secret=6PYLzWrKzj\" data-secret=\"6PYLzWrKzj\" width=\"600\" height=\"338\" frameborder=\"0\" marginwidth=\"0\" marginheight=\"0\" scrolling=\"no\"><\/iframe>\n<\/div><\/figure>\n\n\n\n<figure class=\"wp-block-embed is-type-wp-embed is-provider-pigonfazer wp-block-embed-pigonfazer\"><div class=\"wp-block-embed__wrapper\">\n<blockquote class=\"wp-embedded-content\" data-secret=\"odHgzmIw9Q\"><a href=\"https:\/\/pigonfazer.fr\/Wordpress\/preparation-2023\/\">Pr\u00e9paration 2023<\/a><\/blockquote><iframe loading=\"lazy\" class=\"wp-embedded-content\" sandbox=\"allow-scripts\" security=\"restricted\" style=\"position: absolute; visibility: hidden;\" title=\"\u00ab\u00a0Pr\u00e9paration 2023\u00a0\u00bb &#8212; Pigonfazer\" src=\"https:\/\/pigonfazer.fr\/Wordpress\/preparation-2023\/embed\/#?secret=gLDmySh96b#?secret=odHgzmIw9Q\" data-secret=\"odHgzmIw9Q\" width=\"600\" height=\"338\" frameborder=\"0\" marginwidth=\"0\" marginheight=\"0\" scrolling=\"no\"><\/iframe>\n<\/div><\/figure>\n\n\n\n<p class=\"has-white-color has-text-color has-medium-font-size\"> En 2023, je retente le Bearman<\/p>\n\n\n\n<figure class=\"wp-block-embed is-type-wp-embed is-provider-pigonfazer wp-block-embed-pigonfazer\"><div class=\"wp-block-embed__wrapper\">\n<blockquote class=\"wp-embedded-content\" data-secret=\"jZ7YyyhDc2\"><a href=\"https:\/\/pigonfazer.fr\/Wordpress\/bearman-cr-et-details\/\">Bearman : CR et d\u00e9tails<\/a><\/blockquote><iframe loading=\"lazy\" class=\"wp-embedded-content\" sandbox=\"allow-scripts\" security=\"restricted\" style=\"position: absolute; visibility: hidden;\" title=\"\u00ab\u00a0Bearman : CR et d\u00e9tails\u00a0\u00bb &#8212; Pigonfazer\" src=\"https:\/\/pigonfazer.fr\/Wordpress\/bearman-cr-et-details\/embed\/#?secret=Ir7uqzzo2b#?secret=jZ7YyyhDc2\" data-secret=\"jZ7YyyhDc2\" width=\"600\" height=\"338\" frameborder=\"0\" marginwidth=\"0\" marginheight=\"0\" scrolling=\"no\"><\/iframe>\n<\/div><\/figure>\n\n\n\n<p class=\"has-white-color has-text-color has-medium-font-size\">Retrouvez ici quelques r\u00e9cits de courses et de ma vie de Triathl\u00e8te<\/p>\n\n\n\n<figure class=\"wp-block-embed is-type-wp-embed is-provider-pigonfazer wp-block-embed-pigonfazer\"><div class=\"wp-block-embed__wrapper\">\n<blockquote class=\"wp-embedded-content\" data-secret=\"hsJ1ggruBZ\"><a href=\"https:\/\/pigonfazer.fr\/Wordpress\/histoires-de-courses-dentrainements\/\">Histoires de courses et d&rsquo;entrainements<\/a><\/blockquote><iframe loading=\"lazy\" class=\"wp-embedded-content\" sandbox=\"allow-scripts\" security=\"restricted\" style=\"position: absolute; visibility: hidden;\" title=\"\u00ab\u00a0Histoires de courses et d&rsquo;entrainements\u00a0\u00bb &#8212; Pigonfazer\" src=\"https:\/\/pigonfazer.fr\/Wordpress\/histoires-de-courses-dentrainements\/embed\/#?secret=JtYGavmzZn#?secret=hsJ1ggruBZ\" data-secret=\"hsJ1ggruBZ\" width=\"600\" height=\"338\" frameborder=\"0\" marginwidth=\"0\" marginheight=\"0\" scrolling=\"no\"><\/iframe>\n<\/div><\/figure>\n\n\n\n<div class=\"wp-block-getwid-button-group\"><div class=\"wp-block-getwid-button-group__wrapper has-alignment-center\">\n<div class=\"wp-block-button\"><a class=\"wp-block-button__link wp-element-button\">Button<\/a><\/div>\n\n\n\n<div class=\"wp-block-button\"><a class=\"wp-block-button__link wp-element-button\">Button<\/a><\/div>\n<\/div><\/div>\n<\/div><\/div><\/div><\/div><\/div>\n","protected":false},"excerpt":{"rendered":"","protected":false},"author":1,"featured_media":0,"parent":0,"menu_order":0,"comment_status":"closed","ping_status":"closed","template":"","meta":{"_EventAllDay":false,"_EventTimezone":"","_EventStartDate":"","_EventEndDate":"","_EventStartDateUTC":"","_EventEndDateUTC":"","_EventShowMap":false,"_EventShowMapLink":false,"_EventURL":"","_EventCost":"","_EventCostDescription":"","_EventCurrencySymbol":"","_EventCurrencyCode":"","_EventCurrencyPosition":"","_EventDateTimeSeparator":"","_EventTimeRangeSeparator":"","_EventOrganizerID":[],"_EventVenueID":[],"_OrganizerEmail":"","_OrganizerPhone":"","_OrganizerWebsite":"","_VenueAddress":"","_VenueCity":"","_VenueCountry":"","_VenueProvince":"","_VenueState":"","_VenueZip":"","_VenuePhone":"","_VenueURL":"","_VenueStateProvince":"","_VenueLat":"","_VenueLng":"","_VenueShowMap":false,"_VenueShowMapLink":false,"footnotes":""},"class_list":["post-91","page","type-page","status-publish","hentry"],"aioseo_notices":[],"_links":{"self":[{"href":"https:\/\/pigonfazer.fr\/Wordpress\/wp-json\/wp\/v2\/pages\/91","targetHints":{"allow":["GET"]}}],"collection":[{"href":"https:\/\/pigonfazer.fr\/Wordpress\/wp-json\/wp\/v2\/pages"}],"about":[{"href":"https:\/\/pigonfazer.fr\/Wordpress\/wp-json\/wp\/v2\/types\/page"}],"author":[{"embeddable":true,"href":"https:\/\/pigonfazer.fr\/Wordpress\/wp-json\/wp\/v2\/users\/1"}],"replies":[{"embeddable":true,"href":"https:\/\/pigonfazer.fr\/Wordpress\/wp-json\/wp\/v2\/comments?post=91"}],"version-history":[{"count":32,"href":"https:\/\/pigonfazer.fr\/Wordpress\/wp-json\/wp\/v2\/pages\/91\/revisions"}],"predecessor-version":[{"id":1765,"href":"https:\/\/pigonfazer.fr\/Wordpress\/wp-json\/wp\/v2\/pages\/91\/revisions\/1765"}],"wp:attachment":[{"href":"https:\/\/pigonfazer.fr\/Wordpress\/wp-json\/wp\/v2\/media?parent=91"}],"curies":[{"name":"wp","href":"https:\/\/api.w.org\/{rel}","templated":true}]}}